[INFO] cloning repository https://github.com/msiemens/archer-rs
[INFO] running `Command { std: "git" "-c" "credential.helper=" "-c" "credential.helper=/workspace/cargo-home/bin/git-credential-null" "clone" "--bare" "https://github.com/msiemens/archer-rs" "/workspace/cache/git-repos/https%3A%2F%2Fgithub.com%2Fmsiemens%2Farcher-rs", kill_on_drop: false }`
[INFO] [stderr] Cloning into bare repository '/workspace/cache/git-repos/https%3A%2F%2Fgithub.com%2Fmsiemens%2Farcher-rs'...
[INFO] running `Command { std: "git" "rev-parse" "HEAD", kill_on_drop: false }`
[INFO] [stdout] db1ff13ef7461423461f95958d03dd25d58ce01d
[INFO] building msiemens/archer-rs against master#881c1ac408d93bb7adaa3a51dabab9266e82eee8 for issue-85264
[INFO] running `Command { std: "git" "clone" "/workspace/cache/git-repos/https%3A%2F%2Fgithub.com%2Fmsiemens%2Farcher-rs" "/workspace/builds/worker-8/source", kill_on_drop: false }`
[INFO] [stderr] Cloning into '/workspace/builds/worker-8/source'...
[INFO] [stderr] done.
[INFO] validating manifest of git repo https://github.com/msiemens/archer-rs on toolchain 881c1ac408d93bb7adaa3a51dabab9266e82eee8
[INFO] running `Command { std: "/workspace/cargo-home/bin/cargo" "+881c1ac408d93bb7adaa3a51dabab9266e82eee8" "metadata" "--manifest-path" "Cargo.toml" "--no-deps", kill_on_drop: false }`
[INFO] started tweaking git repo https://github.com/msiemens/archer-rs
[INFO] finished tweaking git repo https://github.com/msiemens/archer-rs
[INFO] tweaked toml for git repo https://github.com/msiemens/archer-rs written to /workspace/builds/worker-8/source/Cargo.toml
[INFO] crate git repo https://github.com/msiemens/archer-rs already has a lockfile, it will not be regenerated
[INFO] running `Command { std: "/workspace/cargo-home/bin/cargo" "+881c1ac408d93bb7adaa3a51dabab9266e82eee8" "fetch" "--manifest-path" "Cargo.toml", kill_on_drop: false }`
[INFO] [stderr]  Downloading crates ...
[INFO] [stderr]   Downloaded rand v0.3.14
[INFO] [stderr]   Downloaded gdi32-sys v0.1.1
[INFO] [stderr]   Downloaded rustc-serialize v0.3.19
[INFO] [stderr]   Downloaded log v0.3.6
[INFO] [stderr]   Downloaded rustc_version v0.1.7
[INFO] [stderr]   Downloaded num-iter v0.1.32
[INFO] [stderr]   Downloaded vec_map v0.6.0
[INFO] [stderr]   Downloaded quick-error v1.0.0
[INFO] [stderr]   Downloaded typeable v0.1.2
[INFO] [stderr]   Downloaded semver v0.1.20
[INFO] [stderr]   Downloaded unsafe-any v0.4.1
[INFO] [stderr]   Downloaded sequence_trie v0.0.13
[INFO] [stderr]   Downloaded unreachable v0.1.1
[INFO] [stderr]   Downloaded encoding-index-tradchinese v1.20141219.5
[INFO] [stderr]   Downloaded typemap v0.3.3
[INFO] [stderr]   Downloaded staticfile v0.2.0
[INFO] [stderr]   Downloaded unicase v1.4.0
[INFO] [stderr]   Downloaded matches v0.1.2
[INFO] [stderr]   Downloaded encoding-index-japanese v1.20141219.5
[INFO] [stderr]   Downloaded encoding-index-korean v1.20141219.5
[INFO] [stderr]   Downloaded string_cache v0.2.13
[INFO] [stderr]   Downloaded traitobject v0.0.3
[INFO] [stderr]   Downloaded mount v0.1.0
[INFO] [stderr]   Downloaded strsim v0.4.0
[INFO] [stderr]   Downloaded route-recognizer v0.1.11
[INFO] [stderr]   Downloaded libsqlite3-sys v0.4.0
[INFO] [stderr]   Downloaded phf_codegen v0.7.14
[INFO] [stderr]   Downloaded bodyparser v0.3.0
[INFO] [stderr]   Downloaded peg v0.3.10
[INFO] [stderr]   Downloaded openssl-sys-extras v0.7.9
[INFO] [stderr]   Downloaded petgraph v0.2.5
[INFO] [stderr]   Downloaded router v0.1.1
[INFO] [stderr]   Downloaded pnacl-build-helper v1.4.10
[INFO] [stderr]   Downloaded libc v0.2.10
[INFO] [stderr]   Downloaded serde_json v0.7.0
[INFO] [stderr]   Downloaded phf_macros v0.7.14
[INFO] [stderr]   Downloaded quasi_macros v0.9.0
[INFO] [stderr]   Downloaded regex-syntax v0.3.1
[INFO] [stderr]   Downloaded quasi_codegen v0.9.0
[INFO] [stderr]   Downloaded daggy v0.4.0
[INFO] [stderr]   Downloaded clap v2.2.5
[INFO] [stderr]   Downloaded persistent v0.1.0
[INFO] [stderr]   Downloaded phf v0.7.14
[INFO] [stderr]   Downloaded quasi v0.9.0
[INFO] [stderr]   Downloaded void v1.0.1
[INFO] [stderr]   Downloaded encoding v0.2.32
[INFO] [stderr]   Downloaded mime_guess v1.6.1
[INFO] [stderr]   Downloaded iron v0.3.0
[INFO] [stderr] warning: parsed version requirement `0.2*` is no longer valid
[INFO] [stderr] 
[INFO] [stderr] Previous versions of Cargo accepted this malformed requirement,
[INFO] [stderr] but it is being deprecated. This was found when parsing the manifest
[INFO] [stderr] of iron 0.3.0, and the correct version requirement is `0.2.*`.
[INFO] [stderr] 
[INFO] [stderr] This will soon become a hard error, so it's either recommended to
[INFO] [stderr] update to a fixed version or contact the upstream maintainer about
[INFO] [stderr] this warning.
[INFO] [stderr] 
[INFO] [stderr]   Downloaded httparse v1.1.2
[INFO] [stderr]   Downloaded gcc v0.3.27
[INFO] [stderr]   Downloaded modifier v0.1.0
[INFO] [stderr]   Downloaded conduit-mime-types v0.7.3
[INFO] [stderr]   Downloaded chan v0.1.18
[INFO] [stderr]   Downloaded fixedbitset v0.1.0
[INFO] [stderr]   Downloaded logger v0.0.3
[INFO] [stderr]   Downloaded quine-mc_cluskey v0.2.2
[INFO] [stderr]   Downloaded rust-crypto v0.2.35
[INFO] [stderr]   Downloaded semver v0.2.3
[INFO] [stderr]   Downloaded num-traits v0.1.32
[INFO] [stderr]   Downloaded num v0.1.32
[INFO] [stderr]   Downloaded cssparser v0.5.5
[INFO] [stderr]   Downloaded hpack v0.2.0
[INFO] [stderr]   Downloaded unicode-normalization v0.1.2
[INFO] [stderr]   Downloaded hyper v0.8.1
[INFO] [stderr]   Downloaded bitflags v0.1.1
[INFO] [stderr]   Downloaded num-integer v0.1.32
[INFO] [stderr]   Downloaded nom v1.2.2
[INFO] [stderr]   Downloaded winapi v0.2.6
[INFO] [stderr]   Downloaded debug_unreachable v0.0.6
[INFO] [stderr]   Downloaded log4rs v0.3.3
[INFO] [stderr]   Downloaded html5ever v0.5.4
[INFO] [stderr]   Downloaded encoding-index-singlebyte v1.20141219.5
[INFO] [stderr]   Downloaded libc v0.1.12
[INFO] [stderr]   Downloaded solicit v0.4.4
[INFO] [stderr]   Downloaded traitobject v0.0.1
[INFO] [stderr]   Downloaded mime v0.2.0
[INFO] [stderr]   Downloaded openssl v0.7.9
[INFO] [stderr]   Downloaded tendril v0.2.2
[INFO] [stderr]   Downloaded serde v0.7.0
[INFO] [stderr]   Downloaded scoped_threadpool v0.1.7
[INFO] [stderr]   Downloaded error v0.1.9
[INFO] [stderr]   Downloaded tempdir v0.3.4
[INFO] [stderr]   Downloaded term v0.4.4
[INFO] [stderr]   Downloaded serde_codegen v0.7.2
[INFO] [stderr]   Downloaded pkg-config v0.3.8
[INFO] [stderr]   Downloaded futf v0.1.1
[INFO] [stderr]   Downloaded serde_macros v0.7.2
[INFO] [stderr]   Downloaded cookie v0.2.2
[INFO] [stderr]   Downloaded toml v0.1.28
[INFO] [stderr]   Downloaded phf_shared v0.7.14
[INFO] [stderr]   Downloaded libressl-pnacl-sys v2.1.6
[INFO] [stderr]   Downloaded openssl-sys v0.7.9
[INFO] [stderr]   Downloaded num_cpus v0.2.11
[INFO] [stderr]   Downloaded rusqlite v0.6.0
[INFO] [stderr]   Downloaded phf_generator v0.7.14
[INFO] [stderr]   Downloaded aster v0.15.0
[INFO] [stderr]   Downloaded encoding-index-simpchinese v1.20141219.5
[INFO] [stderr]   Downloaded clippy v0.0.63
[INFO] [stderr]   Downloaded url v0.5.9
[INFO] [stderr] warning: TOML file found which contains invalid syntax and will soon not parse
[INFO] [stderr] at `/workspace/cargo-home/registry/src/github.com-1ecc6299db9ec823/url-0.5.9/Cargo.toml`.
[INFO] [stderr] 
[INFO] [stderr] The TOML spec requires newlines after table definitions (e.g., `[a] b = 1` is
[INFO] [stderr] invalid), but this file has a table header which does not have a newline after
[INFO] [stderr] it. A newline needs to be added and this warning will soon become a hard error
[INFO] [stderr] in the future.
[INFO] [stderr]   Downloaded unicode-bidi v0.2.3
[INFO] [stderr]   Downloaded mac v0.0.2
[INFO] [stderr]   Downloaded lazy_static v0.1.16
[INFO] [stderr]   Downloaded plugin v0.2.6
[INFO] [stderr]   Downloaded encoding_index_tests v0.1.4
[INFO] [stderr]   Downloaded utf-8 v0.6.0
[INFO] [stderr]   Downloaded uuid v0.2.0
[INFO] [stderr]   Downloaded user32-sys v0.1.2
[INFO] running `Command { std: "docker" "create" "-v" "/var/lib/crater-agent-workspace/builds/worker-8/target:/opt/rustwide/target:rw,Z" "-v" "/var/lib/crater-agent-workspace/builds/worker-8/source:/opt/rustwide/workdir:ro,Z" "-v" "/var/lib/crater-agent-workspace/cargo-home:/opt/rustwide/cargo-home:ro,Z" "-v" "/var/lib/crater-agent-workspace/rustup-home:/opt/rustwide/rustup-home:ro,Z" "-e" "SOURCE_DIR=/opt/rustwide/workdir" "-e" "CARGO_TARGET_DIR=/opt/rustwide/target" "-e" "CARGO_HOME=/opt/rustwide/cargo-home" "-e" "RUSTUP_HOME=/opt/rustwide/rustup-home" "-w" "/opt/rustwide/workdir" "-m" "1610612736" "--user" "0:0" "--network" "none" "ghcr.io/rust-lang/crates-build-env/linux@sha256:20528e8c29e4536546f0102ce88568b16ea7538393a33fcca951030f7af10457" "/opt/rustwide/cargo-home/bin/cargo" "+881c1ac408d93bb7adaa3a51dabab9266e82eee8" "metadata" "--no-deps" "--format-version=1", kill_on_drop: false }`
[INFO] [stdout] 5d2a15407a53287758467379884d876e8b6fd05acd151671e15392dd34cc3ffe
[INFO] [stderr] WARNING: Your kernel does not support swap limit capabilities or the cgroup is not mounted. Memory limited without swap.
[INFO] running `Command { std: "docker" "start" "-a" "5d2a15407a53287758467379884d876e8b6fd05acd151671e15392dd34cc3ffe", kill_on_drop: false }`
[INFO] running `Command { std: "docker" "inspect" "5d2a15407a53287758467379884d876e8b6fd05acd151671e15392dd34cc3ffe", kill_on_drop: false }`
[INFO] running `Command { std: "docker" "rm" "-f" "5d2a15407a53287758467379884d876e8b6fd05acd151671e15392dd34cc3ffe", kill_on_drop: false }`
[INFO] [stdout] 5d2a15407a53287758467379884d876e8b6fd05acd151671e15392dd34cc3ffe
[INFO] running `Command { std: "docker" "create" "-v" "/var/lib/crater-agent-workspace/builds/worker-8/target:/opt/rustwide/target:rw,Z" "-v" "/var/lib/crater-agent-workspace/builds/worker-8/source:/opt/rustwide/workdir:ro,Z" "-v" "/var/lib/crater-agent-workspace/cargo-home:/opt/rustwide/cargo-home:ro,Z" "-v" "/var/lib/crater-agent-workspace/rustup-home:/opt/rustwide/rustup-home:ro,Z" "-e" "SOURCE_DIR=/opt/rustwide/workdir" "-e" "CARGO_TARGET_DIR=/opt/rustwide/target" "-e" "CARGO_INCREMENTAL=0" "-e" "RUST_BACKTRACE=full" "-e" "RUSTFLAGS=--cap-lints=forbid" "-e" "CARGO_HOME=/opt/rustwide/cargo-home" "-e" "RUSTUP_HOME=/opt/rustwide/rustup-home" "-w" "/opt/rustwide/workdir" "-m" "1610612736" "--user" "0:0" "--network" "none" "ghcr.io/rust-lang/crates-build-env/linux@sha256:20528e8c29e4536546f0102ce88568b16ea7538393a33fcca951030f7af10457" "/opt/rustwide/cargo-home/bin/cargo" "+881c1ac408d93bb7adaa3a51dabab9266e82eee8" "build" "--frozen" "--message-format=json", kill_on_drop: false }`
[INFO] [stdout] 2df317d5c04aacc38f566c9e388ea1d95278c767e3acb97c4de3a8502782be32
[INFO] [stderr] WARNING: Your kernel does not support swap limit capabilities or the cgroup is not mounted. Memory limited without swap.
[INFO] running `Command { std: "docker" "start" "-a" "2df317d5c04aacc38f566c9e388ea1d95278c767e3acb97c4de3a8502782be32", kill_on_drop: false }`
[INFO] [stderr]     Blocking waiting for file lock on package cache
[INFO] [stderr] warning: parsed version requirement `0.2*` is no longer valid
[INFO] [stderr] 
[INFO] [stderr] Previous versions of Cargo accepted this malformed requirement,
[INFO] [stderr] but it is being deprecated. This was found when parsing the manifest
[INFO] [stderr] of iron 0.3.0, and the correct version requirement is `0.2.*`.
[INFO] [stderr] 
[INFO] [stderr] This will soon become a hard error, so it's either recommended to
[INFO] [stderr] update to a fixed version or contact the upstream maintainer about
[INFO] [stderr] this warning.
[INFO] [stderr] 
[INFO] [stderr] warning: TOML file found which contains invalid syntax and will soon not parse
[INFO] [stderr] at `/opt/rustwide/cargo-home/registry/src/github.com-1ecc6299db9ec823/url-0.5.9/Cargo.toml`.
[INFO] [stderr] 
[INFO] [stderr] The TOML spec requires newlines after table definitions (e.g., `[a] b = 1` is
[INFO] [stderr] invalid), but this file has a table header which does not have a newline after
[INFO] [stderr] it. A newline needs to be added and this warning will soon become a hard error
[INFO] [stderr] in the future.
[INFO] [stderr]    Compiling libc v0.2.10
[INFO] [stderr]    Compiling pkg-config v0.3.8
[INFO] [stderr]    Compiling rustc-serialize v0.3.19
[INFO] [stderr]    Compiling gcc v0.3.27
[INFO] [stderr]    Compiling winapi v0.2.6
[INFO] [stderr]    Compiling matches v0.1.2
[INFO] [stderr]    Compiling lazy_static v0.1.16
[INFO] [stderr]    Compiling unicode-normalization v0.1.2
[INFO] [stderr]    Compiling traitobject v0.0.3
[INFO] [stderr]    Compiling encoding_index_tests v0.1.4
[INFO] [stderr]    Compiling traitobject v0.0.1
[INFO] [stderr]    Compiling httparse v1.1.2
[INFO] [stderr]    Compiling modifier v0.1.0
[INFO] [stderr]    Compiling num-traits v0.1.32
[INFO] [stderr]    Compiling void v1.0.1
[INFO] [stderr]    Compiling serde v0.7.0
[INFO] [stderr]    Compiling aster v0.15.0
[INFO] [stderr]    Compiling serde_codegen v0.7.2
[INFO] [stderr]    Compiling mac v0.0.2
[INFO] [stderr]    Compiling quasi v0.9.0
[INFO] [stderr]    Compiling fixedbitset v0.1.0
[INFO] [stderr]    Compiling rusqlite v0.6.0
[INFO] [stderr]    Compiling nom v1.2.2
[INFO] [stderr]    Compiling sequence_trie v0.0.13
[INFO] [stderr]    Compiling bitflags v0.1.1
[INFO] [stderr]    Compiling regex-syntax v0.3.1
[INFO] [stderr]    Compiling strsim v0.4.0
[INFO] [stderr]    Compiling route-recognizer v0.1.11
[INFO] [stderr]    Compiling vec_map v0.6.0
[INFO] [stderr]    Compiling quine-mc_cluskey v0.2.2
[INFO] [stderr]    Compiling quick-error v1.0.0
[INFO] [stderr]    Compiling peg v0.3.10
[INFO] [stdout] error[E0463]: can't find crate for `pkg_config`
[INFO] [stdout]  --> /opt/rustwide/cargo-home/registry/src/github.com-1ecc6299db9ec823/rusqlite-0.6.0/build.rs:1:1
[INFO] [stdout]   |
[INFO] [stdout] 1 | extern crate pkg_config;
[INFO] [stdout]   | ^^^^^^^^^^^^^^^^^^^^^^^^ can't find crate
[INFO] [stdout] 
[INFO] [stdout] 
[INFO] [stdout] error: aborting due to previous error
[INFO] [stdout] 
[INFO] [stdout] 
[INFO] [stdout] For more information about this error, try `rustc --explain E0463`.
[INFO] [stdout] 
[INFO] [stdout] error[E0557]: feature has been removed
[INFO] [stdout]  --> /opt/rustwide/cargo-home/registry/src/github.com-1ecc6299db9ec823/peg-0.3.10/src/peg_syntax_ext.rs:1:30
[INFO] [stdout]   |
[INFO] [stdout] 1 | #![feature(plugin_registrar, quote, rustc_private, box_patterns)]
[INFO] [stdout]   |                              ^^^^^ feature has been removed
[INFO] [stdout] 
[INFO] [stdout] 
[INFO] [stderr] error: could not compile `rusqlite`
[INFO] [stderr] 
[INFO] [stderr] To learn more, run the command again with --verbose.
[INFO] [stderr] warning: build failed, waiting for other jobs to finish...
[INFO] [stdout] error[E0463]: can't find crate for `syntax`
[INFO] [stdout]   --> /opt/rustwide/cargo-home/registry/src/github.com-1ecc6299db9ec823/quasi-0.9.0/src/lib.rs:19:1
[INFO] [stdout]    |
[INFO] [stdout] 19 | extern crate syntax;
[INFO] [stdout]    | ^^^^^^^^^^^^^^^^^^^^ can't find crate
[INFO] [stdout] 
[INFO] [stdout] 
[INFO] [stdout] error: aborting due to previous error
[INFO] [stdout] 
[INFO] [stdout] 
[INFO] [stdout] For more information about this error, try `rustc --explain E0463`.
[INFO] [stdout] 
[INFO] [stdout] error[E0463]: can't find crate for `rustc_plugin`
[INFO] [stdout]  --> /opt/rustwide/cargo-home/registry/src/github.com-1ecc6299db9ec823/peg-0.3.10/src/peg_syntax_ext.rs:3:1
[INFO] [stdout]   |
[INFO] [stdout] 3 | extern crate rustc_plugin;
[INFO] [stdout]   | ^^^^^^^^^^^^^^^^^^^^^^^^^^ can't find crate
[INFO] [stdout] 
[INFO] [stdout] 
[INFO] [stdout] error: aborting due to 2 previous errors
[INFO] [stdout] 
[INFO] [stdout] 
[INFO] [stdout] Some errors have detailed explanations: E0463, E0557.
[INFO] [stdout] 
[INFO] [stdout] For more information about an error, try `rustc --explain E0463`.
[INFO] [stdout] 
[INFO] [stdout] error[E0463]: can't find crate for `syntax`
[INFO] [stdout]   --> /opt/rustwide/cargo-home/registry/src/github.com-1ecc6299db9ec823/aster-0.15.0/src/lib.rs:10:1
[INFO] [stdout]    |
[INFO] [stdout] 10 | extern crate syntax;
[INFO] [stdout]    | ^^^^^^^^^^^^^^^^^^^^ can't find crate
[INFO] [stdout] 
[INFO] [stdout] 
[INFO] [stdout] error: aborting due to previous error
[INFO] [stdout] 
[INFO] [stdout] 
[INFO] [stdout] For more information about this error, try `rustc --explain E0463`.
[INFO] [stdout] 
[INFO] [stdout] error[E0642]: patterns aren't allowed in functions without bodies
[INFO] [stdout]    --> /opt/rustwide/cargo-home/registry/src/github.com-1ecc6299db9ec823/rustc-serialize-0.3.19/src/serialize.rs:147:45
[INFO] [stdout]     |
[INFO] [stdout] 147 | ...                   &f_name: &str,
[INFO] [stdout]     |                       ^^^^^^^ pattern not allowed in function without body
[INFO] [stdout] 
[INFO] [stdout] 
[INFO] [stdout] error: aborting due to previous error
[INFO] [stdout] 
[INFO] [stdout] 
[INFO] [stdout] For more information about this error, try `rustc --explain E0642`.
[INFO] [stdout] 
[INFO] [stderr] error: build failed
[INFO] running `Command { std: "docker" "inspect" "2df317d5c04aacc38f566c9e388ea1d95278c767e3acb97c4de3a8502782be32", kill_on_drop: false }`
[INFO] running `Command { std: "docker" "rm" "-f" "2df317d5c04aacc38f566c9e388ea1d95278c767e3acb97c4de3a8502782be32", kill_on_drop: false }`
[INFO] [stdout] 2df317d5c04aacc38f566c9e388ea1d95278c767e3acb97c4de3a8502782be32
